{"id":10068,"date":"2020-10-11T19:46:14","date_gmt":"2020-10-11T18:46:14","guid":{"rendered":"http:\/\/www.kzl.upol.cz\/wordpress\/?page_id=10068"},"modified":"2026-02-03T12:20:59","modified_gmt":"2026-02-03T11:20:59","slug":"konference","status":"publish","type":"page","link":"http:\/\/www.kzl.upol.cz\/wordpress\/?page_id=10068","title":{"rendered":"Konference"},"content":{"rendered":"<p>Klinika zubn\u00edho l\u00e9ka\u0159stv\u00ed po\u0159\u00e1d\u00e1 pravideln\u011b tyto konference<\/p>\n<p>Konference \u00dasm\u011bv<\/a><\/p>\n<p>Konference <a href=\"http:\/\/www.denssanus.cz\/\" target=\"_blank\" rel=\"noopener\">DENS SANUS OLOMUCENSIS<\/a><\/p>\n","protected":false},"excerpt":{"rendered":"<p>Klinika zubn\u00edho l\u00e9ka\u0159stv\u00ed po\u0159\u00e1d\u00e1 pravideln\u011b tyto konference Konference \u00dasm\u011bv Konference DENS SANUS OLOMUCENSIS<\/p>\n","protected":false},"author":1,"featured_media":0,"parent":0,"menu_order":0,"comment_status":"closed","ping_status":"closed","template":"","meta":{"footnotes":""},"_links":{"self":[{"href":"http:\/\/www.kzl.upol.cz\/wordpress\/index.php?rest_route=\/wp\/v2\/pages\/10068"}],"collection":[{"href":"http:\/\/www.kzl.upol.cz\/wordpress\/index.php?rest_route=\/wp\/v2\/pages"}],"about":[{"href":"http:\/\/www.kzl.upol.cz\/wordpress\/index.php?rest_route=\/wp\/v2\/types\/page"}],"author":[{"embeddable":true,"href":"http:\/\/www.kzl.upol.cz\/wordpress\/index.php?rest_route=\/wp\/v2\/users\/1"}],"replies":[{"embeddable":true,"href":"http:\/\/www.kzl.upol.cz\/wordpress\/index.php?rest_route=%2Fwp%2Fv2%2Fcomments&post=10068"}],"version-history":[{"count":4,"href":"http:\/\/www.kzl.upol.cz\/wordpress\/index.php?rest_route=\/wp\/v2\/pages\/10068\/revisions"}],"predecessor-version":[{"id":10427,"href":"http:\/\/www.kzl.upol.cz\/wordpress\/index.php?rest_route=\/wp\/v2\/pages\/10068\/revisions\/10427"}],"wp:attachment":[{"href":"http:\/\/www.kzl.upol.cz\/wordpress\/index.php?rest_route=%2Fwp%2Fv2%2Fmedia&parent=10068"}],"curies":[{"name":"wp","href":"https:\/\/api.w.org\/{rel}","templated":true}]}}