{"id":10420,"date":"2026-02-03T12:18:53","date_gmt":"2026-02-03T11:18:53","guid":{"rendered":"https:\/\/www.kzl.upol.cz\/wordpress\/?page_id=10420"},"modified":"2026-02-03T12:18:53","modified_gmt":"2026-02-03T11:18:53","slug":"prakticky-workshop","status":"publish","type":"page","link":"http:\/\/www.kzl.upol.cz\/wordpress\/?page_id=10420","title":{"rendered":"Praktick\u00fd workshop"},"content":{"rendered":"<div id=\"pl-10420\"  class=\"panel-layout\" ><div id=\"pg-10420-0\"  class=\"panel-grid panel-no-style\" ><div id=\"pgc-10420-0-0\"  class=\"panel-grid-cell panel-grid-cell-empty\" ><\/div><div id=\"pgc-10420-0-1\"  class=\"panel-grid-cell panel-grid-cell-empty panel-grid-cell-mobile-last\" ><\/div><div id=\"pgc-10420-0-2\"  class=\"panel-grid-cell panel-grid-cell-empty\" ><\/div><\/div><div id=\"pg-10420-1\"  class=\"panel-grid panel-no-style\" ><div id=\"pgc-10420-1-0\"  class=\"panel-grid-cell\" ><div id=\"panel-10420-1-0-0\" class=\"so-panel widget widget_sow-editor panel-first-child panel-last-child\" data-index=\"0\" ><div\n\t\t\t\n\t\t\tclass=\"so-widget-sow-editor so-widget-sow-editor-base\"\n\t\t\t\n\t\t>\n<div class=\"siteorigin-widget-tinymce textwidget\">\n\t<p>V\u00e1\u017een\u00e9 kolegyn\u011b, v\u00e1\u017een\u00ed kolegov\u00e9,<\/p>\n<p>Klinika zubn\u00edho l\u00e9ka\u0159stv\u00ed LF UP a FN v Olomouci po\u0159\u00e1d\u00e1\u00a0<strong>dne 20.3.2026<\/strong>\u00a0konferenci stomatolog\u016f, dent\u00e1ln\u00edch hygienistek a zubn\u00edch sester\u00a0<strong>\u201e\u00dasm\u011bv 026\u201c<\/strong>, zam\u011b\u0159enou p\u0159edev\u0161\u00edm na prezentace postgradu\u00e1ln\u00edch student\u016f a mlad\u00fdch l\u00e9ka\u0159\u016f. V\u00a0leto\u0161n\u00edm ro\u010dn\u00edku je odborn\u00fd program dopln\u011bn tak\u00e9 mo\u017enost\u00ed absolvov\u00e1n\u00ed praktick\u00e9ho kurzu.<\/p>\n<p style=\"text-align: left;\"><strong>Hlavn\u00ed p\u0159edn\u00e1\u0161ej\u00edc\u00ed:<\/strong><\/p>\n<p style=\"text-align: center;\"><strong>MDDr. Barbora Novotn\u00e1 a MDDr. Pavel Hol\u00edk, Ph.D.<\/strong><\/p>\n<p style=\"text-align: center;\"><strong>\u201ePln\u011bn\u00ed slo\u017eit\u00fdch ko\u0159enov\u00fdch kan\u00e1lk\u016f, aneb \u010deho se (ne)b\u00e1t v\u00a0endodoncii\u201c<\/strong><\/p>\n<p style=\"text-align: left;\"><strong>M\u00edsto kon\u00e1n\u00ed:<\/strong><\/p>\n<p style=\"text-align: center;\">Klinika zubn\u00edho l\u00e9ka\u0159stv\u00ed LF UP a FN, Palack\u00e9ho 12, Olomouc<\/p>\n<p style=\"text-align: left;\"><strong>\u010casov\u00fd harmonogram:<\/strong><\/p>\n<p>Workshop: 16.00-20.00<\/p>\n<p><strong>Workshop bude registrovan\u00e1 vzd\u011bl\u00e1vac\u00ed akce \u010cSK, p\u0159edpokl\u00e1dan\u00fd po\u010det kredit\u016f 4<\/strong><\/p>\n<p>&nbsp;<\/p>\n<p><strong>Cena registrace workshopu:<\/strong><\/p>\n<p><strong>4700,- K\u010d l\u00e9ka\u0159\/ka<br \/>\n<\/strong><strong>3600,- K\u010d student zubn\u00edho l\u00e9ka\u0159stv\u00ed<\/strong><\/p>\n<p>Registrace na workshop je samostatn\u00e1, nen\u00ed sou\u010d\u00e1st\u00ed registrace na konferenci.<\/p>\n<p>V\u00edce info: <a href=\"https:\/\/www.facebook.com\/events\/24837439272597439?locale=cs_CZ\">https:\/\/www.facebook.com\/events\/24837439272597439?locale=cs_CZ<\/a><\/p>\n<p style=\"text-align: left;\">T\u011b\u0161\u00edme se na setk\u00e1n\u00ed v Olomouci<\/p>\n<p style=\"text-align: left;\">Stomatolog Yuliya Morozova, Ph.D. v\u011bdeck\u00fd sekret\u00e1\u0159<br \/>\nKZL LF UP a FN, Palack\u00e9ho 12<br \/>\nOlomouc 772 00<\/p>\n<p style=\"text-align: left;\">MDDr. Iva Voborn\u00e1, Ph.D.<br \/>\nPov\u011b\u0159ena veden\u00edm<br \/>\nKZL LF UP a FN, Palack\u00e9ho 12<br \/>\nOlomouc 772 00<\/p>\n<p style=\"text-align: left;\">Sekretari\u00e1t:<\/p>\n<p style=\"text-align: left;\">Hana Svobodov\u00e1<br \/>\ne-mail: hana.svobodova@upol.cz<\/p>\n<\/div>\n<\/div><\/div><\/div><\/div><div id=\"pg-10420-2\"  class=\"panel-grid panel-no-style\" ><div id=\"pgc-10420-2-0\"  class=\"panel-grid-cell\" ><div id=\"panel-10420-2-0-0\" class=\"so-panel widget widget_sow-editor panel-first-child panel-last-child\" data-index=\"1\" ><div\n\t\t\t\n\t\t\tclass=\"so-widget-sow-editor so-widget-sow-editor-base\"\n\t\t\t\n\t\t>\n<div class=\"siteorigin-widget-tinymce textwidget\">\n\t<\/div>\n<\/div><\/div><\/div><div id=\"pgc-10420-2-1\"  class=\"panel-grid-cell\" ><div id=\"panel-10420-2-1-0\" class=\"so-panel widget widget_sow-editor panel-first-child\" data-index=\"2\" ><div\n\t\t\t\n\t\t\tclass=\"so-widget-sow-editor so-widget-sow-editor-base\"\n\t\t\t\n\t\t>\n<div class=\"siteorigin-widget-tinymce textwidget\">\n\t<p style=\"text-align: center;\">Registrace na workshop je ji\u017e spu\u0161t\u011bna<\/p>\n<p style=\"text-align: center;\"><strong>Registrace na workshop je do 1. 3. 2026 nebo do napln\u011bn\u00ed kapacity. <\/strong><\/p>\n<\/div>\n<\/div><\/div><div id=\"panel-10420-2-1-1\" class=\"so-panel widget widget_sow-button panel-last-child\" data-index=\"3\" ><div\n\t\t\t\n\t\t\tclass=\"so-widget-sow-button so-widget-sow-button-flat-36e22cfc6189-10420\"\n\t\t\t\n\t\t><div class=\"ow-button-base ow-button-align-center\"\n>\n\t\t\t<a\n\t\t\t\t\thref=\"https:\/\/forms.gle\/8ukhHPD74GGju76w9\"\n\t\t\t\t\tclass=\"sowb-button ow-icon-placement-left ow-button-hover\" target=\"_blank\" rel=\"noopener noreferrer\" \t>\n\t\t<span>\n\t\t\t<span class=\"sow-icon-fontawesome sow-far\" data-sow-icon=\"&#xf35a;\"\n\t\tstyle=\"\" \n\t\taria-hidden=\"true\"><\/span>\n\t\t\tP\u0159ihl\u00e1\u0161en\u00ed na workshop\t\t<\/span>\n\t\t\t<\/a>\n\t<\/div>\n<\/div><\/div><\/div><\/div><\/div>","protected":false},"excerpt":{"rendered":"<p>V\u00e1\u017een\u00e9 kolegyn\u011b, v\u00e1\u017een\u00ed kolegov\u00e9, Klinika zubn\u00edho l\u00e9ka\u0159stv\u00ed LF UP a FN v Olomouci po\u0159\u00e1d\u00e1\u00a0dne 20.3.2026\u00a0konferenci stomatolog\u016f, dent\u00e1ln\u00edch hygienistek a zubn\u00edch sester\u00a0\u201e\u00dasm\u011bv 026\u201c, zam\u011b\u0159enou p\u0159edev\u0161\u00edm na prezentace postgradu\u00e1ln\u00edch student\u016f a mlad\u00fdch l\u00e9ka\u0159\u016f. V\u00a0leto\u0161n\u00edm ro\u010dn\u00edku je odborn\u00fd program dopln\u011bn tak\u00e9 mo\u017enost\u00ed absolvov\u00e1n\u00ed praktick\u00e9ho kurzu. Hlavn\u00ed p\u0159edn\u00e1\u0161ej\u00edc\u00ed: MDDr. Barbora Novotn\u00e1 a MDDr. Pavel Hol\u00edk, Ph.D. \u201ePln\u011bn\u00ed slo\u017eit\u00fdch ko\u0159enov\u00fdch [&hellip;]<\/p>\n","protected":false},"author":1,"featured_media":0,"parent":10068,"menu_order":0,"comment_status":"closed","ping_status":"closed","template":"page-templates\/full-width.php","meta":{"footnotes":""},"_links":{"self":[{"href":"http:\/\/www.kzl.upol.cz\/wordpress\/index.php?rest_route=\/wp\/v2\/pages\/10420"}],"collection":[{"href":"http:\/\/www.kzl.upol.cz\/wordpress\/index.php?rest_route=\/wp\/v2\/pages"}],"about":[{"href":"http:\/\/www.kzl.upol.cz\/wordpress\/index.php?rest_route=\/wp\/v2\/types\/page"}],"author":[{"embeddable":true,"href":"http:\/\/www.kzl.upol.cz\/wordpress\/index.php?rest_route=\/wp\/v2\/users\/1"}],"replies":[{"embeddable":true,"href":"http:\/\/www.kzl.upol.cz\/wordpress\/index.php?rest_route=%2Fwp%2Fv2%2Fcomments&post=10420"}],"version-history":[{"count":5,"href":"http:\/\/www.kzl.upol.cz\/wordpress\/index.php?rest_route=\/wp\/v2\/pages\/10420\/revisions"}],"predecessor-version":[{"id":10425,"href":"http:\/\/www.kzl.upol.cz\/wordpress\/index.php?rest_route=\/wp\/v2\/pages\/10420\/revisions\/10425"}],"up":[{"embeddable":true,"href":"http:\/\/www.kzl.upol.cz\/wordpress\/index.php?rest_route=\/wp\/v2\/pages\/10068"}],"wp:attachment":[{"href":"http:\/\/www.kzl.upol.cz\/wordpress\/index.php?rest_route=%2Fwp%2Fv2%2Fmedia&parent=10420"}],"curies":[{"name":"wp","href":"https:\/\/api.w.org\/{rel}","templated":true}]}}