{"id":10342,"date":"2023-12-06T22:40:48","date_gmt":"2023-12-06T21:40:48","guid":{"rendered":"https:\/\/www.kzl.upol.cz\/wordpress\/?page_id=10342"},"modified":"2023-12-06T22:41:31","modified_gmt":"2023-12-06T21:41:31","slug":"projekty","status":"publish","type":"page","link":"https:\/\/www.kzl.upol.cz\/wordpress\/?page_id=10342","title":{"rendered":"Projekty"},"content":{"rendered":"\n<p>Klinika zubn\u00edho l\u00e9ka\u0159stv\u00ed je zapojen\u00e1 do r\u016fzn\u00fdch mezin\u00e1rodn\u00edch projekt\u016f.<\/p>\n\n\n\n<p><\/p>\n","protected":false},"excerpt":{"rendered":"<p>Klinika zubn\u00edho l\u00e9ka\u0159stv\u00ed je zapojen\u00e1 do r\u016fzn\u00fdch mezin\u00e1rodn\u00edch projekt\u016f.<\/p>\n","protected":false},"author":1,"featured_media":0,"parent":0,"menu_order":0,"comment_status":"closed","ping_status":"closed","template":"","meta":{"footnotes":""},"_links":{"self":[{"href":"https:\/\/www.kzl.upol.cz\/wordpress\/index.php?rest_route=\/wp\/v2\/pages\/10342"}],"collection":[{"href":"https:\/\/www.kzl.upol.cz\/wordpress\/index.php?rest_route=\/wp\/v2\/pages"}],"about":[{"href":"https:\/\/www.kzl.upol.cz\/wordpress\/index.php?rest_route=\/wp\/v2\/types\/page"}],"author":[{"embeddable":true,"href":"https:\/\/www.kzl.upol.cz\/wordpress\/index.php?rest_route=\/wp\/v2\/users\/1"}],"replies":[{"embeddable":true,"href":"https:\/\/www.kzl.upol.cz\/wordpress\/index.php?rest_route=%2Fwp%2Fv2%2Fcomments&post=10342"}],"version-history":[{"count":2,"href":"https:\/\/www.kzl.upol.cz\/wordpress\/index.php?rest_route=\/wp\/v2\/pages\/10342\/revisions"}],"predecessor-version":[{"id":10344,"href":"https:\/\/www.kzl.upol.cz\/wordpress\/index.php?rest_route=\/wp\/v2\/pages\/10342\/revisions\/10344"}],"wp:attachment":[{"href":"https:\/\/www.kzl.upol.cz\/wordpress\/index.php?rest_route=%2Fwp%2Fv2%2Fmedia&parent=10342"}],"curies":[{"name":"wp","href":"https:\/\/api.w.org\/{rel}","templated":true}]}}