{"id":10406,"date":"2026-03-03T17:45:13","date_gmt":"2026-03-03T16:45:13","guid":{"rendered":"https:\/\/www.kzl.upol.cz\/wordpress\/?page_id=10406"},"modified":"2026-03-03T17:45:13","modified_gmt":"2026-03-03T16:45:13","slug":"program-usmev-026","status":"publish","type":"page","link":"https:\/\/www.kzl.upol.cz\/wordpress\/?page_id=10406","title":{"rendered":"Program \u00dasm\u011bv 026"},"content":{"rendered":"<div id=\"pl-10406\"  class=\"panel-layout\" ><div id=\"pg-10406-0\"  class=\"panel-grid panel-no-style\" ><div id=\"pgc-10406-0-0\"  class=\"panel-grid-cell\" ><div id=\"panel-10406-0-0-0\" class=\"so-panel widget widget_sow-editor panel-first-child panel-last-child\" data-index=\"0\" ><div\n\t\t\t\n\t\t\tclass=\"so-widget-sow-editor so-widget-sow-editor-base\"\n\t\t\t\n\t\t>\n<div class=\"siteorigin-widget-tinymce textwidget\">\n\t<p><strong>Odborn\u00fd program<\/strong><\/p>\n<p><strong><em>P\u00e1tek 20.3.2026, \u0160imk\u016fv s\u00e1l, Klinika zubn\u00edho l\u00e9ka\u0159stv\u00ed LF UP a FNOL, Palack\u00e9ho 12, 772 00 Olomouc<\/em><\/strong><\/p>\n<p><strong><em>\u00a0<\/em><\/strong><strong><em>Registrace 8.00 <\/em><\/strong><strong><em>\u2013 <\/em><\/strong><strong><em>9.00<br \/>\n<\/em><\/strong><strong><em>Moder\u00e1tor: Matou\u0161 Ka\u0161par<\/em><\/strong><\/p>\n<p><em>\u00a0<\/em><strong><em>Dopoledn\u00ed blok<\/em><\/strong><\/p>\n<p><strong><em>\u00a0<\/em><\/strong><em>Zah\u00e1jen\u00ed konference<\/em><\/p>\n<p><strong><em>9.00<\/em><\/strong> <strong><em>\u00a0\u0336\u00a0 10.15 P\u0159ibyl M., Czy\u017e M. <\/em><\/strong><em>(Olomouc)<br \/>\n<\/em><em>101 tip\u016f a trik\u016f pro snadn\u00fd za\u010d\u00e1tek praxe. \u010c\u00e1st I.<\/em><\/p>\n<p><em>\u00a0<\/em><strong><em>10.15 <\/em><\/strong><strong><em>\u00a0\u0336\u00a0 10.30 <\/em><\/strong><strong><em>Coffee break<\/em><\/strong><\/p>\n<p><strong><em>\u00a0<\/em><\/strong><strong><em>10.30 <\/em><\/strong><strong><em>\u00a0\u0336\u00a0 12.00 P\u0159ibyl M., Czy\u017e M. <\/em><\/strong><em>(Olomouc)<br \/>\n<\/em><em>101 tip\u016f a trik\u016f pro snadn\u00fd za\u010d\u00e1tek praxe. \u010c\u00e1st II.<\/em><\/p>\n<p><strong><em>\u00a0<\/em><\/strong><strong><em>12.00<\/em><\/strong> <strong><em>\u00a0\u0336\u00a0 13.00 Poledn\u00ed p\u0159est\u00e1vka<\/em><\/strong><em>\u00a0<\/em><\/p>\n<p><strong><em>Odpoledn\u00ed blok<\/em><\/strong><\/p>\n<p><strong><em>\u00a0<\/em><\/strong><strong><em>13.00 <\/em><\/strong><strong><em>\u00a0\u0336\u00a0 13.20<\/em><\/strong> <strong><em>Stenchl\u00e1kov\u00e1 B., Siebert. T. <\/em><\/strong><em>(Martin)<br \/>\n<\/em><em>Klinick\u00fd pr\u00ednos adjuvantnej syst\u00e9movej lie\u010dby antibiotikami pri generalizovanej parodontit\u00edde III. \u0161t\u00e1dia a stup\u0148a C<\/em><\/p>\n<p><strong><em>\u00a0<\/em><\/strong><strong><em>13.20<\/em><\/strong> <strong><em>\u00a0\u0336\u00a0 <\/em><\/strong><strong><em>13.40 August\u00edn M., Siebert T. <\/em><\/strong><em>(Martin)<br \/>\n<\/em><em>Bud\u00facnos\u0165 objekt\u00edvnej detekcie kari\u00e9znych l\u00e9zi\u00ed pomocou umelej inteligencie\u00a0\u00a0\u00a0 <\/em><\/p>\n<p><strong><em>\u00a0<\/em><\/strong><strong><em>13.40<\/em><\/strong> <strong><em>\u00a0\u0336\u00a0 <\/em><\/strong><strong><em>14.00 <\/em><\/strong><strong><em>Holl\u00fd S., B\u0159eznov\u00e1 M., Voborn\u00e1 I. <\/em><\/strong><em>(Olomouc)<br \/>\n<\/em><em style=\"font-size: 1rem;\">Intraor\u00e1ln\u00ed skener v ordinaci zubn\u00edho l\u00e9ka\u0159e<\/em><\/p>\n<p><strong><em>\u00a0<\/em><\/strong><strong><em>14.00<\/em><\/strong> <strong><em>\u00a0\u0336\u00a0 14<\/em><\/strong><strong><em>.20 Tich\u00e1 K., Kam\u00ednkov\u00e1 P. <\/em><\/strong><em>(Olomouc)<br \/>\n<\/em><em>Protetick\u00e1 rekonstrukce chrupu u pacienta s Dentinogenesis imperfecta <\/em><\/p>\n<p><strong><em>\u00a0<\/em><\/strong><strong><em>14.20<\/em><\/strong> <strong><em>\u00a0\u0336\u00a0 14<\/em><\/strong><strong><em>.40 Bene\u0161 P. <\/em><\/strong><em>(Olomouc)<br \/>\n<\/em><em>Kdy\u017e 2D nesta\u010d\u00ed: kdy a pro\u010d indikovat CBCT?\u00a0\u00a0\u00a0 <\/em><\/p>\n<p><em>\u00a0<\/em><em>Ukon\u010den\u00ed konference<\/em><\/p>\n<\/div>\n<\/div><\/div><\/div><\/div><\/div>","protected":false},"excerpt":{"rendered":"<p>Odborn\u00fd program P\u00e1tek 20.3.2026, \u0160imk\u016fv s\u00e1l, Klinika zubn\u00edho l\u00e9ka\u0159stv\u00ed LF UP a FNOL, Palack\u00e9ho 12, 772 00 Olomouc \u00a0Registrace 8.00 \u2013 9.00 Moder\u00e1tor: Matou\u0161 Ka\u0161par \u00a0Dopoledn\u00ed blok \u00a0Zah\u00e1jen\u00ed konference 9.00 \u00a0\u0336\u00a0 10.15 P\u0159ibyl M., Czy\u017e M. (Olomouc) 101 tip\u016f a trik\u016f pro snadn\u00fd za\u010d\u00e1tek praxe. \u010c\u00e1st I. \u00a010.15 \u00a0\u0336\u00a0 10.30 Coffee break \u00a010.30 \u00a0\u0336\u00a0 12.00 [&hellip;]<\/p>\n","protected":false},"author":1,"featured_media":0,"parent":0,"menu_order":0,"comment_status":"closed","ping_status":"closed","template":"","meta":{"footnotes":""},"_links":{"self":[{"href":"https:\/\/www.kzl.upol.cz\/wordpress\/index.php?rest_route=\/wp\/v2\/pages\/10406"}],"collection":[{"href":"https:\/\/www.kzl.upol.cz\/wordpress\/index.php?rest_route=\/wp\/v2\/pages"}],"about":[{"href":"https:\/\/www.kzl.upol.cz\/wordpress\/index.php?rest_route=\/wp\/v2\/types\/page"}],"author":[{"embeddable":true,"href":"https:\/\/www.kzl.upol.cz\/wordpress\/index.php?rest_route=\/wp\/v2\/users\/1"}],"replies":[{"embeddable":true,"href":"https:\/\/www.kzl.upol.cz\/wordpress\/index.php?rest_route=%2Fwp%2Fv2%2Fcomments&post=10406"}],"version-history":[{"count":2,"href":"https:\/\/www.kzl.upol.cz\/wordpress\/index.php?rest_route=\/wp\/v2\/pages\/10406\/revisions"}],"predecessor-version":[{"id":10433,"href":"https:\/\/www.kzl.upol.cz\/wordpress\/index.php?rest_route=\/wp\/v2\/pages\/10406\/revisions\/10433"}],"wp:attachment":[{"href":"https:\/\/www.kzl.upol.cz\/wordpress\/index.php?rest_route=%2Fwp%2Fv2%2Fmedia&parent=10406"}],"curies":[{"name":"wp","href":"https:\/\/api.w.org\/{rel}","templated":true}]}}